+ 7 + 13 + 33 + -34?
13
11 + -4 + -8 + 7 + 14
20
What is the value of 14 + -26 + 16 - -3?
7
What is -15 - -2 - -19 - 12?
-6
Calculate -3 + (1 - -11 - 25).
-16
What is the value of (3 - 2 - 6) + 12 + -16?
-9
Evaluate 0 - (-8 + (6 - -6)).
-4
Calculate 4 - (7 + -10 + -4 + 3).
8
What is the value of (-9 + 9 - (-14 + 6 + 0)) + 9?
17
What is the value of 25 + -50 - -23 - -17?
15
What is 1 - 4 - (-19 + 16 - 9) - 5?
4
Calculate (2 - -16) + -20 + -16.
-18
(1 - ((-5 - -21) + 0)) + (-68 - -58)
-25
Evaluate 3 + 2 + (-4 - -11) + -11.
1
Calculate (4 - (-2 + 1)) + (52 - 52).
5
-19 + (6 - (10 + -3)) + -2
-22
What is 5 + -8 + (1 - -14) + 14?
26
What is the value of (-4 + -5 - (2 - 20)) + -16?
-7
Evaluate 4 + -1 + -18 + (13 - 7).
-9
Calculate 20 - 10 - ((-4 - 2) + 29).
-13
Evaluate (-5 - -2) + (-13 - (-6 - 10)).
0
Calculate -1 + (9 - (34 + -13)).
-13
What is the value of (8 - (-32 + -14)) + -37?
17
Evaluate (-17 - -2) + 3 + 7.
-5
(18 - 22) + (0 - 0 - 0)
-4
2 - -25 - 10 - 23
-6
Evaluate -5 - (1 + -2 + 7 + (7 - 36)).
18
Evaluate 1 + -1 + 1 + -11 + (15 - 6).
-1
2 + -2 + 727 + -701
26
Evaluate (1 - (18 + -1)) + 5.
-11
Evaluate (12 - 0) + (-22 - (-5 + -8)).
3
Calculate (29 - (6 - 5)) + -6 + -3.
19
What is the value of 6 + (3 - (1 - -11)) + -15 + -2?
-20
-8 + (-5 - -6) + 4
-3
Evaluate (-5 - (-20 - (6 + -15) - -1)) + 7.
12
What is (1 - -3) + (-50 - -50) - (0 + -1)?
5
3 + (-1 - 4) + -2 + -4
-8
What is 2 + 6 + (-210 - -206)?
4
What is the value of -14 + 0 + (-145 - -169) + -36?
-26
14 + (-11 + 7 - (2 + -1))
9
Calculate -126 + 105 + 2 + 20.
1
What is -13 + -2 + (42 - 37) - 1?
-11
Calculate 178 + -171 + -16 + -1.
-10
What is 0 + (0 - (-4 - 4)) + -27 + 17?
-2
(7 - (-4 + 4 + 11)) + -3
-7
Evaluate (-2 - 7) + 4 + -17 + (-17 - -32).
-7
Calculate 0 + ((-13 - -23) + -25 - -29).
14
What is the value of 7 + -4 + (-6 - -14) - -20?
31
Calculate -7 + (-2 - (-1 - (5 - -1))) + 7.
5
What is -37 + 14 + -3 + 16?
-10
What is the value of -12 - (4 + 15 + -22)?
-9
What is the value of (-4 - 14) + -6 + 1 + 13?
-10
Evaluate -14 + 20 + -6 - (-10 - 0).
10
Evaluate (-10 - -7) + 4 + 1 - -10.
12
What is the value of 15 + -21 + 3 - (7 - -1)?
-11
Calculate 6 + 1 - ((23 - 52) + 28).
8
Evaluate -9 + (-9 - -13) + 2 + 9.
6
Calculate 1 - 10 - (28 + -18).
-19
3 + (10 - 15) + 1 + -2 - -15
12
What is the value of -17 + (-3 - 12 - -34)?
2
What is the value of (21 - (14 + -3)) + -7?
3
What is the value of 5 + (9 - (-4 - 5 - (-12 - 27)))?
-16
What is the value of -5 - -10 - 5 - (-6 - (0 + -1))?
5
-3 + (0 + 1 + -2 - -9) - -4
9
What is the value of 13 + -8 + -11 + (-5 - -15)?
4
Evaluate (-17 - (17 + (8 - 33))) + (42 - 3).
30
Calculate -5 - (-13 + 3) - (-9 - 7).
21
Evaluate 8 + -17 + 7 + (65 - 37).
26
(10 - (-4 - -7)) + (-14 - -4) + 13
10
-98 + 89 - (-1 + 0 + (19 - -3))
-30
Evaluate (19 - 27) + (0 - 11).
-19
-24 - (21 + -26 + 20)
-39
12 - ((2 - 7) + 2)
15
What is the value of -30 + (-5 - -30) + 7?
2
What is the value of -2 - (-9 - -18 - 5) - (2 + 2)?
-10
What is the value of -6840 - -6829 - (-2 - (-2 + 20 - 0))?
9
Evaluate (-13 - -13 - 23) + (-2 + 3 - -2).
-20
22 - ((1 - -12) + -9 + 3)
15
What is (-9 - -19 - 39 - -11) + 3?
-15
What is the value of 4 + 19 + 1 - (17 - (14 + -4))?
17
Calculate -6 - 5 - -10 - -16.
15
-26 + (1 - -6 - 13) + (19 - 10)
-23
Calculate (15 - -65) + -36 - (18 - -1).
25
What is the value of 5 + (-4 - (4 - 1) - -11)?
9
What is the value of (-266 - -253) + 1 + 13?
1
Calculate 18 - (3 + -19) - 22.
12
Calculate 14 - (-2 + 15 - -11).
-10
Evaluate -4 - -5 - -1 - 9.
-7
(200 - 193) + (8 - (0 + -1)) + -6
10
What is the value of -3 + 15 + -47 + 18?
-17
Calculate (6 - 4) + (20 - (-6 - -23)).
5
Calculate (-3 - 0 - 2) + (2 + 33 - 59).
-29
Calculate (6 - (9 + (7 - 2))) + -5.
-13
Calculate 54 + -50 + -9 + 2 + 3 - 1.
-1
-35 - (8 + -28 + 3)
-18
Evaluate (-10 - (-17 - 7)) + -16.
-2
What is -2 + -6 + -3 + 2?
-9
Evaluate -59 + 29 + 1 + 22 - (-9 - -1).
1
What is the value of (2 - -1) + 2 - (21 - 11 - 12)?
7
Evaluate (-3 - -10) + (17 - 37).
-13
What is (53 - 39) + (-3 - 0) + -3 + -23?
-15
What is -11 - (-3 - (9 + -11 - 1))?
-11
What is (-2 - (-2 - -3)) + 0 + 11?
8
What is 1 + -4 - (22 + -51 + (10 - 1))?
17
(33 - 3) + (119 - 132)
17
What is -2 - 4 - 1 - (2 - -7)?
-16
What is -7 + 1 + -13 + 12 + -10?
-17
Evaluate (-4 - 6) + (44 - 34).
0
What is -23 + 6 + -2 + 2 - -1?
-16
Calculate -80 + 91 - (2 - (0 - -4)).
13
Evaluate -9 + 19 + 4 - (9 + -7).
12
Calculate 0 - 8 - (-4 + -14 + 3).
7
What is 6 + (11 - 3 - -1) + -24?
-9
What is the value of 1 + -8 + 2 - (-786 + 784)?
-3
-14 - (19 + -4 + -20)
-9
(-28 - (9 + -29)) + (25 - (1 + 0))
16
What is (-11 - (1 + -3)) + -42 + 3 + 44?
-4
What is 2 - (-6 - -41) - -17?
-16
Calculate 6 + (-5 + 0 + -15 - (1 - -4)).
-19
What is -6 + 3 + -7 + (-9 - -7 - -4)?
-8
What is (-6 - 1) + 0 - (-59 + 35 - -8)?
9
What is the value of (-9 - -1) + (-17 - (16 + (21 - 53)))?
-9
1 - 7 - (-15 + (-1 - (-9 + 5)))
6
What is the value of -19 + 36 + -32 + 2?
-13
Evaluate -8 - (-23 - -9 - -7) - 1.
-2
Evaluate -1 + 2 + -4 + 5 + 37 + -49.
-10
What is -2 - 16 - (-53 - -32)?
3
Calculate -2 + -12 + (-41 - -49) - (-12 - -2).
4
Evaluate (14 - 20) + 34 + (-12 - -5).
21
Calculate -44 + (-28 - -67) + (3 - 0).
-2
What is the value of -2 + 34 - (23 + (21 - 40))?
28
What is (12 - -3) + -6 - (-5 + 2)?
12
Calculate -36 - -27 - (26 + -61 - (2 - -4)).
32
Evaluate -10 - -19 - (-7 + (4 - -1)).
11
(-1 - 14 - (4 - 6)) + (321 - 317)
-9
What is the value of 13 - (15 + (9 - 18))?
7
-13 + (6 + 4 - 19) + 13
-9
94 - 81 - (-2 + -1)
16
What is the value of -20 - (-13 - (57 + -22))?
28
What is 311 + -310 + (13 - 1)?
13
Calculate -13 + -3 - (-13 - -7) - 4.
-14
Calculate (4 + -8 - -8) + (-6 - -9 - 14).
-7
Evaluate (17 + -24 - -13) + -2 + -4 - -13.
13
21 + -4 + 5 - (-12 - -25)
9
1 - -3 - ((18 - (-2 - -7)) + 19)
-28
Calculate 20 + -23 + 32 + -23.
6
What is the value of (-11 - -9) + (-19 - -11)?
-10
Evaluate (-4 - -12) + 12 + -28.
-8
What is (-3 - (-2 + 2)) + 4?
1
What is -21 + 6 - ((-12 - -16) + 1 + -2)?
-18
What is (-54 - (-9 + -18)) + 51?
24
What is -10 + (-5 - (-12 - -6))?
-9
Calculate 10 - ((4 - -3) + (6 - 0) + -14).
11
Calculate 6 - 1 - (-12 - (1 - -1)).
19
What is (0 - 7) + (18 - (3 + 3) - 4)?
1
Calculate 2 + -15 + 6 + (14 - -1).
8
Evaluate 7 + (24 - ((1 - -4) + 12)).
14
What is the value of 14 + (-33 - -37) + -10?
8
What is 1 + (-18 - -7) + 3 - (-8 - -16)?
-15
-19 - -4 - (40 + -61)
6
Evaluate -11 + (-10 - (-36 - 3 - 5)) - 4.
19
What is 7 - (22 + -22) - 11?
-4
Evaluate -6 - 5 - (21 + -43).
11
Evaluate 4 + 10 + -39 - (1 - 9).
-17
What is 6 - (12 - 26) - 13?
7
What is the value of (-2 - 0) + -24 + 26 + 9?
9
Calculate 15 + 16 + -24 - 6.
1
-11 + 7 + (1 - (13 + -4))
-12
28 - (-15 - -56) - (0 + -6)
-7
Calculate (61 - 63) + (-1 - 2 - (2 + -1)).
-6
Calculate 9 + 5 + (4 - 24).
-6
-3 - (-22 - (6 + -7)) - (-44 - -40)
22
Calculate -1 - 8 - (63 - 96).
24
-7 + -1 + -7 + 6 + -7
-16
Calculate -2 + -5 - (6 + -18 + 6).
-1
What is (12 + 24 - 37) + -12?
-13
Evaluate 28 + 9 + -22 - 2.
13
What is -5 - 3 - (5 + -1 - (1 + -6))?
-17
What is -3 + 18 - (5 + -1 + -1) - -1?
13
Calculate -3 + (-1 - -6) + (8 - 4) + 1.
7
What is 18 - 31 - (-8 + 5)?
-10
Evaluate 9 + (-7 - -10) + -11.
1
What is 14 - (-3 + -5 + 12 + 2) - 10?
-2
Evaluate -7 + 8 + -21 + 28 - (7 - 0).
1
Calculate -6 + 40 + -11 + (2 - -1).
26
What is 2 - (9 + -12) - 8?
-3
What is the value of -17 + (-5 - (6 + -6)) + 10?
-12
Calculate 19 - (2 + 68 + -9 + -3).
-39
Evaluate (2 - -9) + -19 + (-5 - 0).
-13
What is -22 + 34 - (-5 - -31)?
-14
Calculate 34 - (6 + 17 + 2 - 11).
20
What is the value of 168 - 155 - (-17 - -1)?
29
(-7 - (-1 - 8)) + (-31 - -43)
14
-3 - (13 + -9) - (6 - 2)
-11
What is the value of -6 + (23 - 12) - (-1 - 0)?
6
What is -12 + (28 - -16 - 36)?
-4
3 + (1 - 3) + 6
7
14 + (6 - 7) + (3 - 0)
16
Evaluate (-16 - -37 - -4) + -34.
-9
Evaluate -8 - (9 - (-1 - (-10 - -2)) - 19).
9
Calculate (1 - 14) + (-12 - -22).
-3
-16 + 0 + -8 + 16
-8
What is 15 + (14 - 5) + -42?
-18
Calculate -5 + 3 + -7 - (7 + -1).
-15
Evaluate -9 - (-8 - (21 - (22 + -11))).
9
What is -3 + (-15 - -16) - (-2 - -4 - -1)?
-5
-24 + 12 + 5 + 4
-3
9 + 0 + -20 + 9 - -5
3
What is 6 - ((8 - ((19 - 8) + 0)) + -9)?
18
What is the value of (0 - 44) + (11 - (28 - 12) - -16)?
-33
What is 5 + -5 - (-18 - -23) - -1?
-4
Evaluate 31 + (-18 - -3) -